 5*l - 55404. What is the tens digit of l?
2
Let u = 2 + 16. Let c(s) = -6*s - 116. Let k be c(-16). What is the units digit of (u/10)/((-6)/k)?
6
Suppose 2*w = -w + 2*d, 4*w = -3*d + 17. What is the tens digit of 38 + 1 - (-6)/w?
4
Let r be (65/39)/(2/(-3) - -1). Suppose 2*d = 3*j - r*j + 108, -3*j = d - 158. What is the units digit of j?
2
Let n be 259/(-5) - (-4)/(-20) - -1. Let r = n - -91. What is the tens digit of r?
4
Let g = -20 - -24. Suppose g*r - 131 = -7. Suppose 0 = 2*s + 5*u - r, s + 0*s = -3*u + 16. What is the units digit of s?
3
Suppose 4*v - v = -921. Let a = -117 - v. What is the hundreds digit of a?
1
Let t = 1901 + -1077. What is the units digit of t?
4
Let r(p) = -7*p + 232. What is the units digit of r(33)?
1
Let r(z) = -30*z - 4. Let p = 29 + -26. Suppose -4*f + p = 11. What is the units digit of r(f)?
6
Let s be 34 + 2 + -5 + 9. What is the units digit of (3 - 0)/(8/s)?
5
Let a(u) = 36*u**2 + 39*u + 7. What is the units digit of a(-7)?
8
Let t = -377 + 162. Let s = t - -337. What is the units digit of s?
2
Suppose 0 = 5*x - 7*l + 6*l - 9809, -4*x + 7832 = 3*l. What is the hundreds digit of x?
9
Let l(s) = -s**3 - s**2 - 2*s - 6. Let r be l(0). Let h(c) = -c**2 + 8 - 7*c - 3*c**2 + 3*c**2. What is the tens digit of h(r)?
1
Let y = 43 - 55. What is the tens digit of (-1420)/y - ((-2)/3)/1?
1
Suppose 0 = a + 2*a + 3*n + 231, a - 5*n = -71. Let z = -52 - a. What is the tens digit of z?
2
What is the thousands digit of 95935/25 + (-18)/45?
3
Let p = 1129 + -209. What is the tens digit of p?
2
Let n be 12*15/50*-5. Let o = 90 + n. What is the tens digit of o?
7
Let t(i) = i**2 + 15*i + 52. Let g be t(-10). Suppose 0 = -3*c - 0 + 3, g*c - 68 = -2*z. What is the units digit of z?
3
Suppose -2*v = -v + 31. Let t = v - -179. What is the units digit of t?
8
Let g(u) = 5*u**3 - 11*u**2 - 2*u. Let p(o) = 6*o**3 - 12*o**2 - 4*o. Let t(x) = -5*g(x) + 4*p(x). Suppose 3 = -5*w + 23. What is the tens digit of t(w)?
2
Let x(t) = t**3 + t**2 - 6*t - 2. Let u be x(-4). What is the tens digit of 2/13 + (-1192)/u?
4
Let q = -637 + 744. What is the units digit of q?
7
What is the thousands digit of ((-75)/50)/(15/(-39560))?
3
Suppose 14*a = 10*a - 12. Let l(v) = -26*v + 12. What is the units digit of l(a)?
0
Let k be (-3)/(-1) - 3 - 5. Suppose 2*j - 2 - 16 = 0. What is the tens digit of 14 + j/3 + k?
1
Suppose 4414 = 4*l + 634. What is the tens digit of l?
4
What is the hundreds digit of (-4 + 3)*(-10 - 253)?
2
Let f(m) = 22*m**3 + 21*m**3 + m**2 - m - 11*m**3. Suppose 0 = 5*c - w - 7, -w - 9 = -c + 3*w. What is the tens digit of f(c)?
3
Suppose 7 = -3*b - 2*b + 2*x, -1 = -b + x. What is the units digit of (-8)/(-4) + b + 2 + 17?
8
Let d(p) = p + 4. Suppose 0 = -3*m + 2*m - 3. Let f(u) = -u**3 - 4*u**2 - 3*u - 3. Let q be f(m). What is the units digit of d(q)?
1
Let o = -7 + 10. Let g(r) = -2*r**3 + 11*r**2 + 5*r + 12. Let w be g(6). Let h = w - o. What is the units digit of h?
3
Let w = -173 + 276. What is the tens digit of w?
0
What is the tens digit of 10 - 7 - 12 - -959?
5
Let i = 5 + -3. Suppose -j = 2*x + 3*j - 14, -2*x + 2 = -i*j. Suppose -x*a = a - 96. What is the units digit of a?
4
Suppose -4*c - 12 = -5*k, -3*c + k + 2 = -0*k. Suppose -4*b = 0, -3*v - c*v - 3*b + 35 = 0. Let m = v + 9. What is the units digit of m?
6
Let o(h) = 3*h**3 - h**2 - 3*h + 2. Let p(x) = -x**2 - 12*x. Let i be p(-11). Suppose i - 19 = -4*q. What is the units digit of o(q)?
6
Let p(j) = 74*j - 5. Let t be p(3). Suppose 2*w - o = 79, -5*w = o + 3*o - t. What is the tens digit of w?
4
Suppose c - 4*p = 19, -3*c - 2*p = -0*c - 15. Let z = 17 - c. Let m = -4 + z. What is the units digit of m?
6
Suppose 3*g - 4086 - 117 = 0. What is the thousands digit of g?
1
Suppose -470 = 3*g - 8*g - 5*d, -5*g - 3*d = -472. Suppose 3*q = b + b + g, -5*q + 154 = b. What is the tens digit of q?
3
Suppose -3*b - 264 = -3*y, -112 = 5*b + 4*y + 328. What is the units digit of (2*b + -1)/((-12)/8)?
8
Let d = 2 + 2. Suppose 3*h = 3*b - 6, 3*h - 2 = d*b - 6. What is the tens digit of b*(-92)/8*1?
2
Let m(s) be the first derivative of 13*s**2/2 - 14*s + 3. What is the units digit of m(5)?
1
Suppose 0*m - 5*m = 0. Suppose 4*n - 36 = 5*r + 40, n + r - 10 = m. What is the tens digit of 284/14 - n/49?
2
Let c = 2435 + -839. What is the tens digit of c?
9
Let n(l) = -271*l**2 + 3. Let z(m) = -136*m**2 + 2. Let f(k) = -3*n(k) + 5*z(k). What is the units digit of f(-1)?
4
Let h(t) = -2*t. Let w be h(-6). Let x(a) = -8*a + 7*a**2 + 7 - w - 5 + a**3. What is the units digit of x(-7)?
6
Suppose 0*s = -s + 20. Suppose 2*o - s + 0 = 0. What is the tens digit of o?
1
Let f be (-21)/(-14) - 3/(-2). Suppose -6*a + f*a = -219. What is the units digit of a?
3
Let z be (-3 - 42/(-18)) + 706/6. Suppose z = 2*o + u, 5*o + 0*u + 4*u = 285. What is the units digit of o?
1
Suppose 4*j + 44 = -8. Let f(z) = z**2 + 12*z + 9. What is the tens digit of f(j)?
2
Let y(f) be the third derivative of f**5/30 - 2*f**3/3 + 3*f**2. Let d be y(-3). What is the tens digit of 78*(d/4 + -3)?
3
Let b = 335 - 207. Suppose b = 3*t - 31. What is the tens digit of t?
5
What is the units digit of 100/(6/(-276)*10/(-5))?
0
Suppose -4*v + 39 = 5*j, j - 5*v + 1 = 3. Suppose 3*z + 3*w - j*w - 50 = 0, -5*w - 66 = -4*z. What is the units digit of z?
4
Suppose 0 = s + 13 - 1. Let x = s - -38. Let r = -2 + x. What is the units digit of r?
4
What is the thousands digit of 76970/40 - (-42)/24?
1
Suppose n = -4*m + 6, 0 = -2*n + n + 2*m. What is the units digit of 26 - (n - 4/(-2))?
2
Let o(x) = -x**3 + 16*x**2 - 30*x - 7. What is the tens digit of o(10)?
9
Let p be (-3 - -2 - -1)*-1. What is the tens digit of (-1818)/(-9) + p/(6/3)?
0
Suppose -3*b - 55 = -925. Suppose 2*o = o + 1, -b = -5*q + 5*o. Suppose n - 5 = 2*p, -5*p + q = 4*n - 0*n. What is the tens digit of n?
1
Let g be 1*-219*(-2)/2. Suppose -3*i = 129 + g. What is the tens digit of (0 + -1)*i/4?
2
Let v = -400 - -1005. What is the tens digit of v?
0
Suppose 5*f - 30 = -5*r, 2*f - 2*r - r - 7 = 0. Suppose f*j - 51 = 64. Suppose -4*w + 3*x = -31, -4*w + w = -2*x - j. What is the units digit of w?
7
Let o be -1*2*(-745)/10. Let g = -100 + o. Suppose -3*y = -g - 128. What is the tens digit of y?
5
Let j = 1524 - 409. What is the thousands digit of j?
1
Let x = -1097 - -1640. What is the hundreds digit of x?
5
Suppose 5*g + 4 = 14. Suppose 0 = -s - 5*j - 8, 8 = s - 2*j + g. What is the units digit of 0 + -1 - (s - 21)?
8
Let n be (-3)/(0 - 0 - 1). Suppose 0 = -4*c - 2*q + 30, 5*q - 31 = -4*c + 4*q. Suppose n*y + c - 56 = 0. What is the tens digit of y?
1
Let t(a) = a**2 - 18*a + 22. Let q be t(17). Suppose y - q = -1. What is the units digit of y/(-20) + (-51)/(-5)?
0
Let v = 9 + -4. Let l be -3 + 7 + v + -4. Suppose -4*p + 7*r + 245 = 2*r, -l*r = 2*p - 115. What is the tens digit of p?
6
Suppose -5*l = 2*b - 5636, 10*l - b - 4514 = 6*l. What is the tens digit of l?
2
What is the thousands digit of 264*((-157)/(-20) - (-24)/60)?
2
Suppose -4*d + 2 = -14. Suppose -2*n + 4 = 3*a - 23, 32 = d*a + 4*n. What is the units digit of a?
1
Let r be (-3)/(9/6) - -4. Suppose -3*m + 333 = -3*t, -r*m - t = 2*t - 232. What is the tens digit of m?
1
Suppose 4*z - 395 - 221 = 0. What is the units digit of z?
4
Suppose 11*c - 18 = 14*c. What is the units digit of 3*(-4)/c*(0 + 65)?
0
Suppose 0 = -8*s + 508 + 84. What is the tens digit of (s - 2) + (-4 - 0)?
6
Suppose 0 = -3*t - 56 - 46. Let p = 31 - t. What is the units digit of 5/(-2)*(-234)/p?
9
Let r(a) = -a**3 - 10*a**2 + 50*a + 8. What is the thousands digit of r(-17)?
1
What is the tens digit of 1287/26 - 1*3/(-6)?
5
What is the units digit of 12456/54 - 2/3?
0
Suppose 0 = 2*d - 3*q - 2348, -26*d + 4*q = -27*d + 1196. What is the thousands digit of d?
1
Suppose -40 = -5*h + 5*a, 6 - 1 = -a. Suppose 2*v + 2*v - h*d = 94, -3*d = 4*v - 82. What is the units digit of v?
2
Suppose -4*b = 20, b = -3*x + 3*b + 7636. What is the tens digit of x?
4
Let f(u) = 10*u - 10. Suppose 5*z - 11 = 2*l, -11 = -l - 4*z + z. Suppose 23 = l*c + 5*i, 3*i - 4 = c + 1. What is the units digit of f(c)?
0
Suppose 24*h + 3*h = 8100. What is the units digit of h?
0
Let l(b) be the second derivative of -b**5/20 + 13*b**4/12 + 19*b**3/6 - 7*b**2 + 33*b. What is the unit